{"id":25415,"date":"2026-02-16T02:45:27","date_gmt":"2026-02-16T02:45:27","guid":{"rendered":"http:\/\/72.60.115.237\/?page_id=25415"},"modified":"2026-03-26T14:31:30","modified_gmt":"2026-03-26T14:31:30","slug":"nhs-es","status":"publish","type":"page","link":"https:\/\/cbcuscatlan.edu.sv\/index.php\/nhs-es\/","title":{"rendered":"NHS-ES"},"content":{"rendered":"\t\t<div data-elementor-type=\"wp-page\" data-elementor-id=\"25415\" class=\"elementor elementor-25415\" data-elementor-post-type=\"page\">\n\t\t\t\t<div class=\"elementor-element elementor-element-d7e793c e-flex e-con-boxed e-con e-parent\" data-id=\"d7e793c\" data-element_type=\"container\">\n\t\t\t\t\t<div class=\"e-con-inner\">\n\t\t\t\t<div class=\"elementor-element elementor-element-5ea6cb4 elementor-widget elementor-widget-html\" data-id=\"5ea6cb4\" data-element_type=\"widget\" data-widget_type=\"html.default\">\n\t\t\t\t\t<style>\r\n  \/* =========================================\r\n     PANEL DE CONTROL (COLORES ORIGINALES)\r\n     ========================================= *\/\r\n  #nhs-widget-final {\r\n    \/* --- 1. COLORES ORIGINALES (RESTAURADOS) --- *\/\r\n    --color-azul: #0c306d;          \r\n    --color-rojo: #b8141a;          \r\n    --color-bg-gris: #dbdfe3;      \r\n    --color-texto: #0c306d;        \r\n    --color-blanco: #ffffff;\r\n    \r\n    \/* --- 2. TIPOGRAF\u00cdA --- *\/\r\n    --fuente-principal: 'Avenir'\r\n    \r\n    \/* --- 3. TAMA\u00d1OS DE TEXTO --- *\/\r\n    --t-pill-top: 48px;            \r\n    --t-main-title: 48px;          \r\n    --t-pill-section: 35px;        \r\n    --t-body: 27px;                \r\n\r\n    \/* --- 4. MEDIDAS Y CONTROL DE IM\u00c1GENES --- *\/\r\n    --ancho-maximo: 100%;          \r\n    --ancho-contenido: 100%;       \r\n    \r\n    \/* Ajusta aqu\u00ed el tama\u00f1o de las fotos *\/\r\n    --ancho-img-grupo: 90%;        \r\n    --ancho-img-pin: 60%;          \r\n    \r\n    --radio-pill: 50px;            \r\n    --radio-img: 12px;             \r\n  }\r\n\r\n  \/* =========================================\r\n     ESTILOS CSS\r\n     ========================================= *\/\r\n  \r\n  #nhs-widget-final {\r\n    font-family: var(--fuente-principal);\r\n    max-width: var(--ancho-maximo);\r\n    margin: 0 auto;\r\n    box-sizing: border-box;\r\n    padding: 20px 10px;\r\n    color: var(--color-texto);\r\n  }\r\n\r\n  \/* 1. CABECERA *\/\r\n  .nhs-header-wrapper {\r\n    text-align: center;\r\n    margin-bottom: 40px;\r\n    border-bottom: 2px solid #eee; \r\n    padding-bottom: 30px;\r\n  }\r\n\r\n  \/* ESTILO DE LA PASTILLA AZUL *\/\r\n  .nhs-top-pill {\r\n    background-color: var(--color-azul);\r\n    color: var(--color-blanco);\r\n    display: inline-block; \r\n    padding: 10px 30px;\r\n    border-radius: 10px; \r\n    font-size: var(--t-pill-top); \r\n    font-weight: 800;\r\n    text-transform: uppercase;\r\n    margin-bottom: 15px;\r\n  }\r\n\r\n  .nhs-main-title {\r\n    color: var(--color-rojo);\r\n    font-size: var(--t-main-title);\r\n    font-weight: 800;\r\n    text-transform: uppercase;\r\n    line-height: 1.1;\r\n  }\r\n\r\n  \/* 2. CONTENEDORES DE SECCI\u00d3N *\/\r\n  .nhs-section-container {\r\n    display: flex;\r\n    align-items: center; \r\n    justify-content: space-between;\r\n    gap: 50px;\r\n    margin-bottom: 60px; \r\n  }\r\n\r\n  \/* --- Modificador para dise\u00f1o vertical --- *\/\r\n  .nhs-vertical-layout {\r\n    display: flex;\r\n    flex-direction: column;\r\n    align-items: flex-start; \r\n    margin-bottom: 60px;\r\n  }\r\n\r\n  .nhs-vertical-layout .nhs-img-group {\r\n    width: 100%;\r\n    max-width: 1000px; \r\n    margin: 0 auto 30px auto; \r\n    display: block;\r\n  }\r\n\r\n  .nhs-vertical-layout .nhs-gray-pill {\r\n    margin-bottom: 30px;\r\n  }\r\n\r\n  .nhs-reverse {\r\n    flex-direction: row-reverse;\r\n  }\r\n\r\n  .nhs-col-text {\r\n    flex: 1; \r\n  }\r\n\r\n  .nhs-col-img {\r\n    flex: 1; \r\n    display: flex;\r\n    justify-content: center;\r\n    align-items: center;\r\n  }\r\n\r\n  \/* Im\u00e1genes Generales *\/\r\n  .nhs-img-group {\r\n    width: var(--ancho-img-grupo);\r\n    height: auto;\r\n    border-radius: var(--radio-img);\r\n    box-shadow: 0 5px 15px rgba(0,0,0,0.15);\r\n  }\r\n\r\n  .nhs-img-pin {\r\n    width: var(--ancho-img-pin);\r\n    height: auto;\r\n    border-radius: var(--radio-img);\r\n    box-shadow: 0 5px 15px rgba(0,0,0,0.15);\r\n  }\r\n\r\n  \/* T\u00edtulos de Secci\u00f3n (Pills) *\/\r\n  .nhs-gray-pill {\r\n    background-color: var(--color-bg-gris);\r\n    color: var(--color-azul); \r\n    padding: 15px 30px;\r\n    border-radius: var(--radio-pill);\r\n    display: inline-block;\r\n    font-size: var(--t-pill-section);\r\n    font-weight: 800;\r\n    text-transform: uppercase;\r\n    margin-bottom: 25px;\r\n  }\r\n\r\n  .nhs-blue-pill {\r\n    background-color: var(--color-azul);\r\n    color: var(--color-blanco);\r\n    padding: 15px 30px;\r\n    border-radius: var(--radio-pill);\r\n    display: inline-block;\r\n    font-size: var(--t-pill-section);\r\n    font-weight: 800;\r\n    text-transform: uppercase;\r\n    margin-bottom: 25px;\r\n  }\r\n\r\n  \/* P\u00e1rrafos *\/\r\n  .nhs-text {\r\n    font-size: var(--t-body);\r\n    color: var(--color-texto); \r\n    line-height: 1.6;\r\n    text-align: justify;\r\n    margin-bottom: 20px;\r\n  }\r\n\r\n  \/* RESPONSIVE *\/\r\n  @media (max-width: 900px) {\r\n    .nhs-section-container, .nhs-reverse {\r\n      flex-direction: column; \r\n      text-align: center;\r\n      gap: 30px;\r\n    }\r\n    \r\n    .nhs-text { text-align: left; } \r\n    .nhs-main-title { font-size: 32px; }\r\n    \r\n    \/* En celulares el t\u00edtulo azul se ajusta para no desbordar *\/\r\n    .nhs-top-pill { font-size: 20px; padding: 8px 20px; } \r\n    \r\n    .nhs-vertical-layout { align-items: center; } \r\n    .nhs-img-group, .nhs-img-pin { width: 100%; max-width: 500px; }\r\n  }\r\n<\/style>\r\n\r\n<div id=\"nhs-widget-final\">\r\n\r\n  <div class=\"nhs-header-wrapper\">\r\n    <div class=\"nhs-top-pill\">THE NATIONAL HONOR SOCIETY:<\/div>\r\n    <div class=\"nhs-main-title\">CAP\u00cdTULO MUSTANGS<\/div>\r\n  <\/div>\r\n\r\n  <div class=\"nhs-vertical-layout\">\r\n    \r\n    <div class=\"nhs-gray-pill\">UN LEGADO DE EXCELENCIA<\/div>\r\n    \r\n    <img decoding=\"async\" class=\"nhs-img-group\" src=\"https:\/\/cbcuscatlan.edu.sv\/wp-content\/uploads\/2025\/10\/nhsnew.jpg\" alt=\"Estudiantes del NHS Mustangs\">\r\n    \r\n    <p class=\"nhs-text\">\r\n      El Colegio Biling\u00fce Cuscatl\u00e1n se enorgullece de ser sede del Cap\u00edtulo Mustangs oficial de la National Honor Society (NHS). La membres\u00eda en la NHS es uno de los honores m\u00e1s altos que un estudiante puede alcanzar, reconociendo a aquellos que personifican la excelencia a trav\u00e9s de sus cuatro pilares fundamentales.\r\n    <\/p>\r\n\r\n  <\/div>\r\n\r\n  <div class=\"nhs-section-container nhs-reverse\">\r\n    \r\n    <div class=\"nhs-col-text\">\r\n      <div class=\"nhs-blue-pill\">\u00bfQU\u00c9 ES LA NATIONAL HONOR SOCIETY?<\/div>\r\n      \r\n      <p class=\"nhs-text\">\r\n        La National Honor Society es la organizaci\u00f3n de reconocimiento estudiantil m\u00e1s antigua y respetada de los Estados Unidos, establecida en 1921. Ser seleccionado para el Cap\u00edtulo Mustangs significa que el estudiante forma parte de un grupo \u00e9lite de secundaria que demuestra logros excepcionales.\r\n      <\/p>\r\n      \r\n      <p class=\"nhs-text\">\r\n        Las universidades en EE. UU. y en todo el mundo reconocen de inmediato a la NHS como una marca verificada de alto rendimiento acad\u00e9mico y dedicaci\u00f3n. Al aplicar junto con resultados de AP, TOEFL y DELF, la membres\u00eda de la NHS consolida el perfil del estudiante como un candidato integral y de alto nivel, preparado para los desaf\u00edos de la vida universitaria.\r\n      <\/p>\r\n    <\/div>\r\n\r\n  <\/div>\r\n\r\n<\/div>\t\t\t\t<\/div>\n\t\t\t\t\t<\/div>\n\t\t\t\t<\/div>\n\t\t<div class=\"elementor-element elementor-element-c1fc34a e-flex e-con-boxed e-con e-parent\" data-id=\"c1fc34a\" data-element_type=\"container\">\n\t\t\t\t\t<div class=\"e-con-inner\">\n\t\t\t\t<div class=\"elementor-element elementor-element-647ac83 elementor-widget elementor-widget-gallery\" data-id=\"647ac83\" data-element_type=\"widget\" data-settings=\"{&quot;gallery_layout&quot;:&quot;masonry&quot;,&quot;gap&quot;:{&quot;unit&quot;:&quot;px&quot;,&quot;size&quot;:12,&quot;sizes&quot;:[]},&quot;image_hover_animation&quot;:&quot;grow&quot;,&quot;lazyload&quot;:&quot;yes&quot;,&quot;columns&quot;:4,&quot;columns_tablet&quot;:2,&quot;columns_mobile&quot;:1,&quot;gap_tablet&quot;:{&quot;unit&quot;:&quot;px&quot;,&quot;size&quot;:10,&quot;sizes&quot;:[]},&quot;gap_mobile&quot;:{&quot;unit&quot;:&quot;px&quot;,&quot;size&quot;:10,&quot;sizes&quot;:[]},&quot;link_to&quot;:&quot;file&quot;,&quot;overlay_background&quot;:&quot;yes&quot;,&quot;content_hover_animation&quot;:&quot;fade-in&quot;}\" data-widget_type=\"gallery.default\">\n\t\t\t\t\t\t\t<div class=\"elementor-gallery__container\">\n\t\t\t\t\t\t\t<a class=\"e-gallery-item elementor-gallery-item elementor-animated-content\" href=\"http:\/\/cbcuscatlan.edu.sv\/wp-content\/uploads\/2026\/03\/1000155059.jpg\" data-elementor-open-lightbox=\"yes\" data-elementor-lightbox-slideshow=\"647ac83\" data-elementor-lightbox-title=\"1000155059\" data-e-action-hash=\"#elementor-action%3Aaction%3Dlightbox%26settings%3DeyJpZCI6MjU2MzcsInVybCI6Imh0dHA6XC9cL2NiY3VzY2F0bGFuLmVkdS5zdlwvd3AtY29udGVudFwvdXBsb2Fkc1wvMjAyNlwvMDNcLzEwMDAxNTUwNTkuanBnIiwic2xpZGVzaG93IjoiNjQ3YWM4MyJ9\">\n\t\t\t\t\t<div class=\"e-gallery-image elementor-gallery-item__image\" data-thumbnail=\"http:\/\/cbcuscatlan.edu.sv\/wp-content\/uploads\/2026\/03\/1000155059-300x225.jpg\" data-width=\"300\" data-height=\"225\" aria-label=\"\" role=\"img\" ><\/div>\n\t\t\t\t\t\t\t\t\t\t\t<div class=\"elementor-gallery-item__overlay\"><\/div>\n\t\t\t\t\t\t\t\t\t\t\t\t\t\t<\/a>\n\t\t\t\t\t\t\t<a class=\"e-gallery-item elementor-gallery-item elementor-animated-content\" href=\"http:\/\/cbcuscatlan.edu.sv\/wp-content\/uploads\/2026\/03\/1000155037.jpg\" data-elementor-open-lightbox=\"yes\" data-elementor-lightbox-slideshow=\"647ac83\" data-elementor-lightbox-title=\"1000155037\" data-e-action-hash=\"#elementor-action%3Aaction%3Dlightbox%26settings%3DeyJpZCI6MjU2MzgsInVybCI6Imh0dHA6XC9cL2NiY3VzY2F0bGFuLmVkdS5zdlwvd3AtY29udGVudFwvdXBsb2Fkc1wvMjAyNlwvMDNcLzEwMDAxNTUwMzcuanBnIiwic2xpZGVzaG93IjoiNjQ3YWM4MyJ9\">\n\t\t\t\t\t<div class=\"e-gallery-image elementor-gallery-item__image\" data-thumbnail=\"http:\/\/cbcuscatlan.edu.sv\/wp-content\/uploads\/2026\/03\/1000155037-300x225.jpg\" data-width=\"300\" data-height=\"225\" aria-label=\"\" role=\"img\" ><\/div>\n\t\t\t\t\t\t\t\t\t\t\t<div class=\"elementor-gallery-item__overlay\"><\/div>\n\t\t\t\t\t\t\t\t\t\t\t\t\t\t<\/a>\n\t\t\t\t\t\t\t<a class=\"e-gallery-item elementor-gallery-item elementor-animated-content\" href=\"http:\/\/cbcuscatlan.edu.sv\/wp-content\/uploads\/2026\/03\/1000155047.jpg\" data-elementor-open-lightbox=\"yes\" data-elementor-lightbox-slideshow=\"647ac83\" data-elementor-lightbox-title=\"1000155047\" data-e-action-hash=\"#elementor-action%3Aaction%3Dlightbox%26settings%3DeyJpZCI6MjU2MzksInVybCI6Imh0dHA6XC9cL2NiY3VzY2F0bGFuLmVkdS5zdlwvd3AtY29udGVudFwvdXBsb2Fkc1wvMjAyNlwvMDNcLzEwMDAxNTUwNDcuanBnIiwic2xpZGVzaG93IjoiNjQ3YWM4MyJ9\">\n\t\t\t\t\t<div class=\"e-gallery-image elementor-gallery-item__image\" data-thumbnail=\"http:\/\/cbcuscatlan.edu.sv\/wp-content\/uploads\/2026\/03\/1000155047-300x225.jpg\" data-width=\"300\" data-height=\"225\" aria-label=\"\" role=\"img\" ><\/div>\n\t\t\t\t\t\t\t\t\t\t\t<div class=\"elementor-gallery-item__overlay\"><\/div>\n\t\t\t\t\t\t\t\t\t\t\t\t\t\t<\/a>\n\t\t\t\t\t\t\t<a class=\"e-gallery-item elementor-gallery-item elementor-animated-content\" href=\"http:\/\/cbcuscatlan.edu.sv\/wp-content\/uploads\/2026\/03\/1000155043.jpg\" data-elementor-open-lightbox=\"yes\" data-elementor-lightbox-slideshow=\"647ac83\" data-elementor-lightbox-title=\"1000155043\" data-e-action-hash=\"#elementor-action%3Aaction%3Dlightbox%26settings%3DeyJpZCI6MjU2MzUsInVybCI6Imh0dHA6XC9cL2NiY3VzY2F0bGFuLmVkdS5zdlwvd3AtY29udGVudFwvdXBsb2Fkc1wvMjAyNlwvMDNcLzEwMDAxNTUwNDMuanBnIiwic2xpZGVzaG93IjoiNjQ3YWM4MyJ9\">\n\t\t\t\t\t<div class=\"e-gallery-image elementor-gallery-item__image\" data-thumbnail=\"http:\/\/cbcuscatlan.edu.sv\/wp-content\/uploads\/2026\/03\/1000155043-300x225.jpg\" data-width=\"300\" data-height=\"225\" aria-label=\"\" role=\"img\" ><\/div>\n\t\t\t\t\t\t\t\t\t\t\t<div class=\"elementor-gallery-item__overlay\"><\/div>\n\t\t\t\t\t\t\t\t\t\t\t\t\t\t<\/a>\n\t\t\t\t\t<\/div>\n\t\t\t\t\t<\/div>\n\t\t\t\t\t<\/div>\n\t\t\t\t<\/div>\n\t\t<div class=\"elementor-element elementor-element-e48eef0 e-flex e-con-boxed e-con e-parent\" data-id=\"e48eef0\" data-element_type=\"container\">\n\t\t\t\t\t<div class=\"e-con-inner\">\n\t\t\t\t<div class=\"elementor-element elementor-element-328d5b8 elementor-widget elementor-widget-html\" data-id=\"328d5b8\" data-element_type=\"widget\" data-widget_type=\"html.default\">\n\t\t\t\t\t<style>\r\n    \/* =========================================\r\n       SECCI\u00d3N DE CONFIGURACI\u00d3N F\u00c1CIL\r\n       Modifica los valores aqu\u00ed abajo\r\n       ========================================= *\/\r\n    .contact-us-widget {\r\n        \/* --- 1. TIPOGRAF\u00cdA Y TEXTOS --- *\/\r\n        --cu-font-family: 'Avenir', Arial, \r\n        --cu-title-size: 42px;    \/* Tama\u00f1o t\u00edtulos (NUESTRA UBICACI\u00d3N...) *\/\r\n        --cu-text-size: 18px;     \/* Tama\u00f1o texto de direcci\u00f3n y p\u00e1rrafo *\/\r\n\r\n        \/* --- 2. COLORES --- *\/\r\n        --cu-color-blue: #0c306d; \/* Azul (Borde del mapa y t\u00edtulo NUESTRA) *\/\r\n        --cu-color-red: #b8141a;  \/* Rojo (T\u00edtulos UBICACI\u00d3N e INFORMACI\u00d3N) *\/\r\n        --cu-color-text: #0c306d; \/* Color del texto *\/\r\n\r\n        \/* --- 3. CONFIGURACI\u00d3N DEL MAPA --- *\/\r\n        --cu-map-height: 400px;        \/* Altura del mapa *\/\r\n        --cu-map-border-width: 8px;    \/* Grosor del borde azul *\/\r\n        --cu-map-border-radius: 25px;  \/* Redondez de las esquinas *\/\r\n    }\r\n\r\n    \/* =========================================\r\n       ESTILOS CSS (NO TOCAR ABAJO)\r\n       ========================================= *\/\r\n    .contact-us-widget {\r\n        font-family: var(--cu-font-family);\r\n        color: var(--cu-color-text);\r\n        line-height: 1.5;\r\n        max-width: 100%;\r\n        margin: 0 auto;\r\n        padding: 40px 0px;\r\n        display: flex;\r\n        flex-wrap: wrap;\r\n        justify-content: space-between;\r\n        gap: 50px; \r\n        align-items: center; \r\n    }\r\n\r\n    .contact-info-col {\r\n        flex: 1 1 400px;\r\n        max-width: 450px;\r\n    }\r\n\r\n    .contact-title {\r\n        font-size: var(--cu-title-size);\r\n        font-weight: 800;\r\n        text-transform: uppercase;\r\n        line-height: 0.95; \r\n        margin-bottom: 25px;\r\n        margin-top: 0;\r\n    }\r\n\r\n    .text-blue { color: var(--cu-color-blue); }\r\n    .text-red { color: var(--cu-color-red); }\r\n    \r\n    .contact-p {\r\n        font-size: var(--cu-text-size);\r\n        margin-bottom: 40px;\r\n    }\r\n\r\n    .mt-large { margin-top: 50px; }\r\n\r\n    .contact-map-col {\r\n        flex: 1 1 500px;\r\n    }\r\n\r\n    .map-frame-style {\r\n        width: 100%;\r\n        height: var(--cu-map-height);\r\n        border: var(--cu-map-border-width) solid var(--cu-color-blue); \r\n        border-radius: var(--cu-map-border-radius); \r\n        overflow: hidden; \r\n        box-shadow: 0 10px 25px rgba(0,0,0,0.1); \r\n        display: block;\r\n    }\r\n\r\n    @media (max-width: 900px) {\r\n        .contact-us-widget {\r\n            flex-direction: column;\r\n            text-align: center;\r\n        }\r\n        .contact-info-col, .contact-map-col {\r\n            max-width: 100%;\r\n        }\r\n        .contact-title { font-size: 36px; }\r\n    }\r\n<\/style>\r\n\r\n<div class=\"contact-us-widget\">\r\n\r\n    <div class=\"contact-info-col\">\r\n        \r\n        <h2 class=\"contact-title\">\r\n            <span class=\"text-blue\">NUESTRA<\/span><br>\r\n            <span class=\"text-red\">UBICACI\u00d3N<\/span>\r\n        <\/h2>\r\n        <p class=\"contact-p\">\r\n            Lote 11 porci\u00f3n #3 Finca Florida, Nuevo Cuscatl\u00e1n,<br>La Libertad Este.\r\n        <\/p>\r\n\r\n        <h2 class=\"contact-title text-red mt-large\">\r\n            M\u00c1S INFORMACI\u00d3N\r\n        <\/h2>\r\n        <p class=\"contact-p\">\r\n            Si desea obtener m\u00e1s informaci\u00f3n sobre nuestra instituci\u00f3n y nuestra metodolog\u00eda, que tiene como objetivo formar a personas capaces de impulsar un cambio positivo en nuestra sociedad, puede rellenar el formulario o llamar al 2560-2700.\r\n        <\/p>\r\n    <\/div>\r\n\r\n    <div class=\"contact-map-col\">\r\n        <iframe \r\n            class=\"map-frame-style\"\r\n            src=\"https:\/\/maps.google.com\/maps?q=Cuscatl%C3%A1n%20Bilingual%20School%2C%20Nuevo%20Cuscatl%C3%A1n&t=&z=15&ie=UTF8&iwloc=&output=embed\" \r\n            frameborder=\"0\" \r\n            scrolling=\"no\" \r\n            marginheight=\"0\" \r\n            marginwidth=\"0\">\r\n        <\/iframe>\r\n    <\/div>\r\n\r\n<\/div>\t\t\t\t<\/div>\n\t\t\t\t\t<\/div>\n\t\t\t\t<\/div>\n\t\t<div class=\"elementor-element elementor-element-7874aab e-flex e-con-boxed e-con e-parent\" data-id=\"7874aab\" data-element_type=\"container\">\n\t\t\t\t\t<div class=\"e-con-inner\">\n\t\t\t\t<div class=\"elementor-element elementor-element-0a8e0d7 elementor-widget elementor-widget-html\" data-id=\"0a8e0d7\" data-element_type=\"widget\" data-widget_type=\"html.default\">\n\t\t\t\t\t<style>\r\n    \/* --- CONFIGURACI\u00d3N F\u00c1CIL --- *\/\r\n    :root {\r\n        \/* Colores Generales *\/\r\n        --cbc-bg-color: #1F3A6E;       \/* Azul oscuro de fondo *\/\r\n        --cbc-text-color: #FFFFFF;     \/* Color del texto *\/\r\n        \r\n        \/* Colores de Iconos INDIVIDUALES *\/\r\n        --icon-facebook: #E31B23;      \/* Rojo institucional *\/\r\n        --icon-whatsapp: #E31B23;      \r\n        --icon-insta: #E31B23;\r\n        --icon-youtube: #E31B23;\r\n        --icon-tiktok: #E31B23;\r\n        \r\n        \/* Tipograf\u00eda *\/\r\n        --cbc-font-family: 'Avenir', 'Montserrat', sans-serif; \r\n    }\r\n\r\n    \/* --- ESTILOS DEL CONTENEDOR --- *\/\r\n    .cbc-social-bar {\r\n        background-color: var(--cbc-bg-color);\r\n        color: var(--cbc-text-color);\r\n        font-family: var(--cbc-font-family);\r\n        \r\n        \/* Bordes Redondeados Superiores *\/\r\n        border-top-left-radius: 50px;\r\n        border-top-right-radius: 50px;\r\n        \r\n        \/* Espaciado y Tama\u00f1o *\/\r\n        padding: 20px 50px;\r\n        width: 100%;\r\n        box-sizing: border-box;\r\n        \r\n        \/* Flexbox para alinear *\/\r\n        display: flex;\r\n        justify-content: space-between;\r\n        align-items: center;\r\n        flex-wrap: wrap; \r\n    }\r\n\r\n    \/* --- LADO IZQUIERDO: REDES --- *\/\r\n    .cbc-social-left {\r\n        display: flex;\r\n        flex-direction: column;\r\n        gap: 5px;\r\n    }\r\n\r\n    .cbc-social-label {\r\n        font-weight: 800; \r\n        font-size: 20px;\r\n        margin-bottom: 5px;\r\n    }\r\n\r\n    .cbc-icons-container {\r\n        display: flex;\r\n        gap: 15px; \r\n        font-size: 24px; \r\n    }\r\n\r\n    .cbc-icons-container a {\r\n        text-decoration: none;\r\n        transition: transform 0.3s ease;\r\n        display: inline-block; \r\n    }\r\n    \r\n    .cbc-icons-container a:hover {\r\n        transform: scale(1.2); \r\n    }\r\n\r\n    \/* Asignaci\u00f3n de colores *\/\r\n    .icon-fb { color: var(--icon-facebook); }\r\n    .icon-wa { color: var(--icon-whatsapp); } \r\n    .icon-ig { color: var(--icon-insta); }\r\n    .icon-yt { color: var(--icon-youtube); }\r\n    .icon-tt { color: var(--icon-tiktok); }\r\n\r\n    \/* --- LADO DERECHO: NOMBRE --- *\/\r\n    .cbc-school-name {\r\n        font-weight: 900;\r\n        font-size: 32px;\r\n        text-transform: uppercase;\r\n        letter-spacing: 1px;\r\n        text-align: right;\r\n    }\r\n\r\n    \/* --- RESPONSIVE (M\u00f3viles) --- *\/\r\n    @media (max-width: 768px) {\r\n        .cbc-social-bar {\r\n            flex-direction: column;\r\n            text-align: center;\r\n            padding: 30px 20px;\r\n            border-top-left-radius: 30px;\r\n            border-top-right-radius: 30px;\r\n        }\r\n        \r\n        .cbc-social-left {\r\n            align-items: center;\r\n            margin-bottom: 20px;\r\n        }\r\n        \r\n        .cbc-school-name {\r\n            text-align: center;\r\n            font-size: 24px;\r\n        }\r\n    }\r\n<\/style>\r\n\r\n<div class=\"cbc-social-bar\">\r\n\r\n    <div class=\"cbc-social-left\">\r\n        <div class=\"cbc-social-label\">Social Networks<\/div>\r\n        \r\n        <div class=\"cbc-icons-container\">\r\n            <a href=\"https:\/\/www.facebook.com\/colegiobilinguecuscatlan\" target=\"_blank\" class=\"icon-fb\" aria-label=\"Facebook\">\r\n                <i class=\"fab fa-facebook-f\"><\/i>\r\n            <\/a>\r\n            \r\n            <a href=\"https:\/\/wa.me\/50376079299\" target=\"_blank\" class=\"icon-wa\" aria-label=\"WhatsApp\">\r\n                <i class=\"fab fa-whatsapp\"><\/i>\r\n            <\/a>\r\n            \r\n            <a href=\"https:\/\/www.instagram.com\/Colegio_cbc\" target=\"_blank\" class=\"icon-ig\" aria-label=\"Instagram\">\r\n                <i class=\"fab fa-instagram\"><\/i>\r\n            <\/a>\r\n            \r\n            <a href=\"https:\/\/www.youtube.com\/@colegiobilinguecuscatlan2303\" target=\"_blank\" class=\"icon-yt\" aria-label=\"YouTube\">\r\n                <i class=\"fab fa-youtube\"><\/i>\r\n            <\/a>\r\n\r\n            <a href=\"https:\/\/www.tiktok.com\/@colegio_cbc\" target=\"_blank\" class=\"icon-tt\" aria-label=\"TikTok\">\r\n                <i class=\"fab fa-tiktok\"><\/i>\r\n            <\/a>\r\n        <\/div>\r\n    <\/div>\r\n\r\n    <div class=\"cbc-school-name\">\r\n        COLEGIO BILING\u00dcE CUSCATL\u00c1N\r\n    <\/div>\r\n\r\n<\/div>\t\t\t\t<\/div>\n\t\t\t\t\t<\/div>\n\t\t\t\t<\/div>\n\t\t\t\t<\/div>\n\t\t","protected":false},"excerpt":{"rendered":"<p>THE NATIONAL HONOR SOCIETY: CAP\u00cdTULO MUSTANGS UN LEGADO DE EXCELENCIA El Colegio Biling\u00fce Cuscatl\u00e1n se enorgullece de ser sede del Cap\u00edtulo Mustangs oficial de la National Honor Society (NHS). La membres\u00eda en la NHS es uno de los honores m\u00e1s altos que un estudiante puede alcanzar, reconociendo a aquellos que personifican la excelencia a trav\u00e9s [&hellip;]<\/p>\n","protected":false},"author":1,"featured_media":0,"parent":0,"menu_order":0,"comment_status":"closed","ping_status":"closed","template":"","meta":{"footnotes":""},"class_list":["post-25415","page","type-page","status-publish","hentry"],"_links":{"self":[{"href":"https:\/\/cbcuscatlan.edu.sv\/index.php\/wp-json\/wp\/v2\/pages\/25415","targetHints":{"allow":["GET"]}}],"collection":[{"href":"https:\/\/cbcuscatlan.edu.sv\/index.php\/wp-json\/wp\/v2\/pages"}],"about":[{"href":"https:\/\/cbcuscatlan.edu.sv\/index.php\/wp-json\/wp\/v2\/types\/page"}],"author":[{"embeddable":true,"href":"https:\/\/cbcuscatlan.edu.sv\/index.php\/wp-json\/wp\/v2\/users\/1"}],"replies":[{"embeddable":true,"href":"https:\/\/cbcuscatlan.edu.sv\/index.php\/wp-json\/wp\/v2\/comments?post=25415"}],"version-history":[{"count":9,"href":"https:\/\/cbcuscatlan.edu.sv\/index.php\/wp-json\/wp\/v2\/pages\/25415\/revisions"}],"predecessor-version":[{"id":26195,"href":"https:\/\/cbcuscatlan.edu.sv\/index.php\/wp-json\/wp\/v2\/pages\/25415\/revisions\/26195"}],"wp:attachment":[{"href":"https:\/\/cbcuscatlan.edu.sv\/index.php\/wp-json\/wp\/v2\/media?parent=25415"}],"curies":[{"name":"wp","href":"https:\/\/api.w.org\/{rel}","templated":true}]}}