{"id":1568,"date":"2018-03-14T15:56:14","date_gmt":"2018-03-14T21:56:14","guid":{"rendered":"http:\/\/cbcuscatlan.edu.sv\/cbc\/?page_id=1568"},"modified":"2020-04-22T14:52:46","modified_gmt":"2020-04-22T20:52:46","slug":"9th-grade","status":"publish","type":"page","link":"https:\/\/cbcuscatlan.edu.sv\/cbc\/blogs-de-clase\/9th-grade\/","title":{"rendered":"Blogs de clase &#8211; 9th Grade"},"content":{"rendered":"<p>[vc_section full_width=&#8221;stretch_row&#8221; css=&#8221;.vc_custom_1518808590422{background-image: url(http:\/\/cbcuscatlan.edu.sv\/cbc\/wp-content\/uploads\/2018\/02\/blog-header.png?id=824) !important;background-position: center !important;background-repeat: no-repeat !important;background-size: cover !important;}&#8221;][vc_row equal_height=&#8221;yes&#8221;][vc_column][stm_spacing lg_spacing=&#8221;50px&#8221;][stm_title title_align=&#8221;center&#8221; title_color=&#8221;custom&#8221; title=&#8221;Blog de 9no Grado&#8221; title_color_custom=&#8221;#ffffff&#8221; title_font_size=&#8221;40pt&#8221;][\/stm_title][stm_spacing lg_spacing=&#8221;50px&#8221;][\/vc_column][\/vc_row][\/vc_section][vc_section full_width=&#8221;stretch_row&#8221; css=&#8221;.vc_custom_1518808686841{padding-top: 125px !important;padding-bottom: 50px !important;background-color: #ffffff !important;}&#8221;][vc_row][vc_column width=&#8221;2\/3&#8243; offset=&#8221;vc_hidden-xs&#8221;][\/vc_column][vc_column width=&#8221;1\/3&#8243;][vc_widget_sidebar sidebar_id=&#8221;sidebar-event&#8221;][\/vc_column][\/vc_row][vc_row][vc_column width=&#8221;2\/3&#8243; css=&#8221;.vc_custom_1518808892064{margin-top: -85px !important;}&#8221;][stm_posts view=&#8221;list&#8221; posts_category=&#8221;9th-grade&#8221; pagination_enable=&#8221;true&#8221; posts_count=&#8221;10&#8243;][\/vc_column][vc_column width=&#8221;1\/3&#8243; el_class=&#8221;menu-blogs&#8221; css=&#8221;.vc_custom_1518803567490{padding-right: -10px !important;padding-left: -10px !important;background-color: #00aaff !important;}&#8221; offset=&#8221;vc_hidden-xs&#8221;][vc_column_text]<\/p>\n<style>.line-grados{margin-top: 20px; border-bottom: 4px solid; width: 23%; border-bottom-color: #fff; position:relative; margin-left: 35px; z-index: 5;}<\/style>\n<h1 class=\"stm-title stm-title_sep_bottom titulo-separator\" style=\"text-align: left; font-size: 30px; color: #ffffff; z-index: 5; position: relative; left: 9%;\">SECUNDARIA<\/h1>\n<div class=\"line-grados\"><\/div>\n<p>[\/vc_column_text][vc_column_text]<\/p>\n<style>.widget_blog-de-clase {background: #00aaff!Important; text-transform:uppercase!Important; font-size: 24px!Important; padding: 0px 0 0px 0!Important;} .widget_blog-de-clase li:hover{background: #2d308f!important;}<\/style>\n<div class=\"widget widget_categories widget_blog-de-clase timetable_clearfix\">\n<ul>\n<li class=\"cat-item\" style=\"font-size: 20px;\"><a href=\"http:\/\/cbcuscatlan.edu.sv\/cbc\/blogs-de-clase\/7th-grade\/\">7\u00b0 GRADO<\/a><\/li>\n<li class=\"cat-item\" style=\"font-size: 20px;\"><a href=\"http:\/\/cbcuscatlan.edu.sv\/cbc\/blogs-de-clase\/8th-grade\/\">8\u00b0 GRADO<\/a><\/li>\n<li class=\"cat-item current-item-blog\" style=\"font-size: 20px;\"><a href=\"http:\/\/cbcuscatlan.edu.sv\/cbc\/blogs-de-clase\/9th-grade\/\">9\u00b0 GRADO<\/a><\/li>\n<\/ul>\n<\/div>\n<p>[\/vc_column_text][\/vc_column][\/vc_row][\/vc_section][vc_section full_width=&#8221;stretch_row&#8221; css=&#8221;.vc_custom_1518468956013{padding-bottom: 100px !important;background-color: #eaeaea !important;}&#8221;][vc_row full_width=&#8221;stretch_row&#8221;][vc_column][stm_title title_align=&#8221;center&#8221; title_color=&#8221;custom&#8221; sep_color=&#8221;custom&#8221; sep_enable=&#8221;true&#8221; title=&#8221;Nuestra oferta acad\u00e9mica&#8221; title_color_custom=&#8221;#020202&#8243; sep_color_custom=&#8221;#2d3091&#8243; title_font_size=&#8221;50px&#8221;][\/stm_title][\/vc_column][\/vc_row][vc_row full_width=&#8221;stretch_row_content&#8221; gap=&#8221;35&#8243;][vc_column width=&#8221;1\/4&#8243;][vc_raw_html]JTNDc3R5bGUlM0UlMEEuY2VudHJhZG8lN0IlMEFwb3NpdGlvbiUzQSUyMGFic29sdXRlJTNCJTBBJTIwJTIwJTIwJTIwdG9wJTNBJTIwNDUlMjUlM0IlMEElMjAlMjAlMjAlMjBsZWZ0JTNBJTIwNTAlMjUlM0IlMEElMjAlMjAlMjAlMjB0cmFuc2Zvcm0lM0ElMjB0cmFuc2xhdGUlMjgtNTAlMjUlMkMlMjAtNTAlMjUlMjklM0IlMEElN0QlMEElMEEub2ZlcnRhdGV4dG8lMjAlN0IlMEFmb250LXNpemUlM0ElMjAyMHB0JTNCJTIwJTBBY29sb3IlM0ElMjAlMjNmZmZmZmYlM0IlMjAlMEFmb250LWZhbWlseSUzQSUyMCUyN1dvcmslMjBTYW5zJTI3JTJDJTIwc2Fucy1zZXJpZiUzQiUwQXRleHQtYWxpZ24lM0ElMjBjZW50ZXIlM0IlMEElN0QlMEElM0MlMkZzdHlsZSUzRSUwQSUwQSUzQ2RpdiUzRSUwQSUzQ2ElMjBocmVmJTNEJTIyaHR0cCUzQSUyRiUyRmNiY3VzY2F0bGFuLmVkdS5zdiUyRmNiYyUyRm5pdmVsLWFjYWRlbWljby1wYXJ2dWxhcmlhJTJGJTIyJTNFJTNDaW1nJTIwc3JjJTNEJTIyaHR0cCUzQSUyRiUyRmNiY3VzY2F0bGFuLmVkdS5zdiUyRmNiYyUyRndwLWNvbnRlbnQlMkZ1cGxvYWRzJTJGMjAxOCUyRjAxJTJGcGFydnVsYXJpYS5wbmclMjIlMjBzdHlsZSUzRCUyMndpZHRoJTNBMTAwJTI1JTNCJTIwaGVpZ2h0JTNBYXV0byUzQiUyMiUzRSUzQyUyRmElM0UlMEElM0NkaXYlMjBjbGFzcyUzRCUyMmNlbnRyYWRvJTIwb2ZlcnRhdGV4dG8lMjIlM0UlM0NhJTIwaHJlZiUzRCUyMmh0dHAlM0ElMkYlMkZjYmN1c2NhdGxhbi5lZHUuc3YlMkZjYmMlMkZuaXZlbC1hY2FkZW1pY28tcGFydnVsYXJpYSUyRiUyMiUyMHN0eWxlJTNEJTIydGV4dC1kZWNvcmF0aW9uJTNBbm9uZSUzQiUyMGNvbG9yJTNBJTIzZmZmZmZmJTNCJTIyJTNFUGFydnVsYXJpYSUzQyUyRmElM0UlM0MlMkZkaXYlM0UlMEElM0MlMkZkaXYlM0U=[\/vc_raw_html][\/vc_column][vc_column width=&#8221;1\/4&#8243;][vc_raw_html]JTNDZGl2JTNFJTBBJTNDYSUyMGhyZWYlM0QlMjJodHRwJTNBJTJGJTJGY2JjdXNjYXRsYW4uZWR1LnN2JTJGY2JjJTJGbml2ZWwtYWNhZGVtaWNvLXByaW1hcmlhLXByaW1lci1zZWd1bmRvLWNpY2xvJTJGJTIyJTNFJTNDaW1nJTIwc3JjJTNEJTIyaHR0cCUzQSUyRiUyRmNiY3VzY2F0bGFuLmVkdS5zdiUyRmNiYyUyRndwLWNvbnRlbnQlMkZ1cGxvYWRzJTJGMjAxOCUyRjAxJTJGcHJpbWFyaWEucG5nJTIyJTIwc3R5bGUlM0QlMjJ3aWR0aCUzQTEwMCUyNSUzQiUyMiUzRSUzQyUyRmElM0UlMEElM0NkaXYlMjBjbGFzcyUzRCUyMmNlbnRyYWRvJTIwb2ZlcnRhdGV4dG8lMjIlM0UlM0NhJTIwaHJlZiUzRCUyMmh0dHAlM0ElMkYlMkZjYmN1c2NhdGxhbi5lZHUuc3YlMkZjYmMlMkZuaXZlbC1hY2FkZW1pY28tcHJpbWFyaWEtcHJpbWVyLXNlZ3VuZG8tY2ljbG8lMkYlMjIlMjBzdHlsZSUzRCUyMnRleHQtZGVjb3JhdGlvbiUzQSUyMG5vbmUlM0IlMjBjb2xvciUzQSUyM2ZmZmZmZiUzQiUyMiUzRVByaW1hcmlhJTNDJTJGYSUzRSUzQyUyRmRpdiUzRSUwQSUzQyUyRmRpdiUzRQ==[\/vc_raw_html][\/vc_column][vc_column width=&#8221;1\/4&#8243;][vc_raw_html]JTNDZGl2JTNFJTBBJTNDYSUyMGhyZWYlM0QlMjJodHRwJTNBJTJGJTJGY2JjdXNjYXRsYW4uZWR1LnN2JTJGY2JjJTJGbml2ZWwtYWNhZGVtaWNvLXNlY3VuZGFyaWElMkYlMjIlM0UlM0NpbWclMjBzcmMlM0QlMjJodHRwJTNBJTJGJTJGY2JjdXNjYXRsYW4uZWR1LnN2JTJGY2JjJTJGd3AtY29udGVudCUyRnVwbG9hZHMlMkYyMDE4JTJGMDElMkZzZWN1bmRhcmlhLnBuZyUyMiUyMHN0eWxlJTNEJTIyd2lkdGglM0ExMDAlMjUlM0IlMjIlM0UlM0MlMkZhJTNFJTBBJTNDZGl2JTIwY2xhc3MlM0QlMjJjZW50cmFkbyUyMG9mZXJ0YXRleHRvJTIyJTNFJTNDYSUyMGhyZWYlM0QlMjJodHRwJTNBJTJGJTJGY2JjdXNjYXRsYW4uZWR1LnN2JTJGY2JjJTJGbml2ZWwtYWNhZGVtaWNvLXNlY3VuZGFyaWElMkYlMjIlMjBzdHlsZSUzRCUyMnRleHQtZGVjb3JhdGlvbiUzQSUyMG5vbmUlM0IlMjBjb2xvciUzQSUyM2ZmZmZmZiUzQiUyMiUzRVNlY3VuZGFyaWElM0MlMkZhJTNFJTNDJTJGZGl2JTNFJTBBJTNDJTJGZGl2JTNF[\/vc_raw_html][\/vc_column][vc_column width=&#8221;1\/4&#8243;][vc_raw_html]JTNDZGl2JTNFJTBBJTNDYSUyMGhyZWYlM0QlMjJodHRwJTNBJTJGJTJGY2JjdXNjYXRsYW4uZWR1LnN2JTJGY2JjJTJGbml2ZWwtYWNhZGVtaWNvLWJhY2hpbGxlcmF0byUyRiUyMiUzRSUzQ2ltZyUyMHNyYyUzRCUyMmh0dHAlM0ElMkYlMkZjYmN1c2NhdGxhbi5lZHUuc3YlMkZjYmMlMkZ3cC1jb250ZW50JTJGdXBsb2FkcyUyRjIwMTglMkYwMSUyRkJhY2hpbGxlcmF0by5wbmclMjIlMjBzdHlsZSUzRCUyMndpZHRoJTNBMTAwJTI1JTNCJTIyJTNFJTNDJTJGYSUzRSUwQSUzQ2RpdiUyMGNsYXNzJTNEJTIyY2VudHJhZG8lMjBvZmVydGF0ZXh0byUyMiUzRSUzQ2ElMjBocmVmJTNEJTIyaHR0cCUzQSUyRiUyRmNiY3VzY2F0bGFuLmVkdS5zdiUyRmNiYyUyRm5pdmVsLWFjYWRlbWljby1iYWNoaWxsZXJhdG8lMkYlMjIlMjBzdHlsZSUzRCUyMnRleHQtZGVjb3JhdGlvbiUzQSUyMG5vbmUlM0IlMjBjb2xvciUzQSUyMCUyM2ZmZmZmZiUzQiUyMiUzRUJhY2hpbGxlcmF0byUzQyUyRmElM0UlM0MlMkZkaXYlM0UlMEElM0MlMkZkaXYlM0U=[\/vc_raw_html][\/vc_column][\/vc_row][\/vc_section][vc_section full_width=&#8221;stretch_row&#8221; css=&#8221;.vc_custom_1517935654375{background-image: url(http:\/\/cbcuscatlan.edu.sv\/cbc\/wp-content\/uploads\/2018\/01\/fondo-de-pantalla.png?id=57) !important;background-position: center !important;background-repeat: no-repeat !important;background-size: cover !important;}&#8221;][vc_row][vc_column][stm_title title_align=&#8221;center&#8221; title_color=&#8221;custom&#8221; sep_color=&#8221;custom&#8221; title_font_weight=&#8221;500&#8243; sep_enable=&#8221;true&#8221; title=&#8221;Conoce m\u00e1s de nosotros&#8221; sep_color_custom=&#8221;#ffffff&#8221; title_color_custom=&#8221;#ffffff&#8221; sep_line_width=&#8221;100px&#8221; title_font_size=&#8221;50px&#8221;][\/stm_title][\/vc_column][\/vc_row][vc_row gap=&#8221;35&#8243;][vc_column width=&#8221;1\/2&#8243; el_class=&#8221;contactformbottom&#8221;]<p class=\"wpcf7-contact-form-not-found\"><strong>Error:<\/strong> Contact form not found.<\/p>[\/vc_column][vc_column width=&#8221;1\/2&#8243; el_class=&#8221;fbottom&#8221; offset=&#8221;vc_hidden-xs&#8221;][vc_column_text]<iframe style=\"border: none; overflow: hidden;\" src=\"https:\/\/www.facebook.com\/plugins\/page.php?href=https%3A%2F%2Fwww.facebook.com%2Fcolegiobilinguecuscatlan&amp;tabs=timeline&amp;width=500&amp;height=600&amp;small_header=true&amp;adapt_container_width=true&amp;hide_cover=true&amp;show_facepile=false&amp;appId\" width=\"500\" height=\"450\" frameborder=\"0\" scrolling=\"no\"><\/iframe>[\/vc_column_text][\/vc_column][\/vc_row][\/vc_section]<\/p>\n","protected":false},"excerpt":{"rendered":"<p>[vc_section full_width=&#8221;stretch_row&#8221; css=&#8221;.vc_custom_1518808590422{background-image: url(http:\/\/cbcuscatlan.edu.sv\/cbc\/wp-content\/uploads\/2018\/02\/blog-header.png?id=824) !important;background-position: center !important;background-repeat: no-repeat !important;background-size: cover !important;}&#8221;][vc_row equal_height=&#8221;yes&#8221;][vc_column][stm_spacing lg_spacing=&#8221;50px&#8221;][stm_title title_align=&#8221;center&#8221; title_color=&#8221;custom&#8221; title=&#8221;Blog de 9no Grado&#8221; title_color_custom=&#8221;#ffffff&#8221; title_font_size=&#8221;40pt&#8221;][\/stm_title][stm_spacing lg_spacing=&#8221;50px&#8221;][\/vc_column][\/vc_row][\/vc_section][vc_section full_width=&#8221;stretch_row&#8221; css=&#8221;.vc_custom_1518808686841{padding-top: 125px !important;padding-bottom: 50px !important;background-color: #ffffff !important;}&#8221;][vc_row][vc_column width=&#8221;2\/3&#8243; offset=&#8221;vc_hidden-xs&#8221;][\/vc_column][vc_column width=&#8221;1\/3&#8243;][vc_widget_sidebar sidebar_id=&#8221;sidebar-event&#8221;][\/vc_column][\/vc_row][vc_row][vc_column width=&#8221;2\/3&#8243; css=&#8221;.vc_custom_1518808892064{margin-top: -85px !important;}&#8221;][stm_posts view=&#8221;list&#8221; posts_category=&#8221;9th-grade&#8221; pagination_enable=&#8221;true&#8221; posts_count=&#8221;10&#8243;][\/vc_column][vc_column width=&#8221;1\/3&#8243; el_class=&#8221;menu-blogs&#8221; css=&#8221;.vc_custom_1518803567490{padding-right: -10px !important;padding-left: -10px !important;background-color: #00aaff !important;}&#8221; offset=&#8221;vc_hidden-xs&#8221;][vc_column_text] SECUNDARIA [\/vc_column_text][vc_column_text] 7\u00b0 [&hellip;]<\/p>\n","protected":false},"author":1,"featured_media":0,"parent":811,"menu_order":0,"comment_status":"closed","ping_status":"open","template":"","meta":{"footnotes":""},"class_list":["post-1568","page","type-page","status-publish","hentry"],"yoast_head":"<!-- This site is optimized with the Yoast SEO plugin v27.3 - https:\/\/yoast.com\/product\/yoast-seo-wordpress\/ -->\n<title>Blogs de clase - 9th Grade - Colegio Biling\u00fce Cuscatl\u00e1n<\/title>\n<meta name=\"robots\" content=\"index, follow, max-snippet:-1, max-image-preview:large, max-video-preview:-1\" \/>\n<link rel=\"canonical\" href=\"https:\/\/cbcuscatlan.edu.sv\/cbc\/blogs-de-clase\/9th-grade\/\" \/>\n<meta property=\"og:locale\" content=\"en_US\" \/>\n<meta property=\"og:type\" content=\"article\" \/>\n<meta property=\"og:title\" content=\"Blogs de clase - 9th Grade - Colegio Biling\u00fce Cuscatl\u00e1n\" \/>\n<meta property=\"og:description\" content=\"[vc_section full_width=&#8221;stretch_row&#8221; css=&#8221;.vc_custom_1518808590422{background-image: url(http:\/\/cbcuscatlan.edu.sv\/cbc\/wp-content\/uploads\/2018\/02\/blog-header.png?id=824) !important;background-position: center !important;background-repeat: no-repeat !important;background-size: cover !important;}&#8221;][vc_row equal_height=&#8221;yes&#8221;][vc_column][stm_spacing lg_spacing=&#8221;50px&#8221;][stm_title title_align=&#8221;center&#8221; title_color=&#8221;custom&#8221; title=&#8221;Blog de 9no Grado&#8221; title_color_custom=&#8221;#ffffff&#8221; title_font_size=&#8221;40pt&#8221;][\/stm_title][stm_spacing lg_spacing=&#8221;50px&#8221;][\/vc_column][\/vc_row][\/vc_section][vc_section full_width=&#8221;stretch_row&#8221; css=&#8221;.vc_custom_1518808686841{padding-top: 125px !important;padding-bottom: 50px !important;background-color: #ffffff !important;}&#8221;][vc_row][vc_column width=&#8221;2\/3&#8243; offset=&#8221;vc_hidden-xs&#8221;][\/vc_column][vc_column width=&#8221;1\/3&#8243;][vc_widget_sidebar sidebar_id=&#8221;sidebar-event&#8221;][\/vc_column][\/vc_row][vc_row][vc_column width=&#8221;2\/3&#8243; css=&#8221;.vc_custom_1518808892064{margin-top: -85px !important;}&#8221;][stm_posts view=&#8221;list&#8221; posts_category=&#8221;9th-grade&#8221; pagination_enable=&#8221;true&#8221; posts_count=&#8221;10&#8243;][\/vc_column][vc_column width=&#8221;1\/3&#8243; el_class=&#8221;menu-blogs&#8221; css=&#8221;.vc_custom_1518803567490{padding-right: -10px !important;padding-left: -10px !important;background-color: #00aaff !important;}&#8221; offset=&#8221;vc_hidden-xs&#8221;][vc_column_text] SECUNDARIA [\/vc_column_text][vc_column_text] 7\u00b0 [&hellip;]\" \/>\n<meta property=\"og:url\" content=\"https:\/\/cbcuscatlan.edu.sv\/cbc\/blogs-de-clase\/9th-grade\/\" \/>\n<meta property=\"og:site_name\" content=\"Colegio Biling\u00fce Cuscatl\u00e1n\" \/>\n<meta property=\"article:publisher\" content=\"http:\/\/facebook.com\/colegiobilinguecuscatlan\" \/>\n<meta property=\"article:modified_time\" content=\"2020-04-22T20:52:46+00:00\" \/>\n<meta name=\"twitter:card\" content=\"summary_large_image\" \/>\n<meta name=\"twitter:label1\" content=\"Est. reading time\" \/>\n\t<meta name=\"twitter:data1\" content=\"3 minutes\" \/>\n<script type=\"application\/ld+json\" class=\"yoast-schema-graph\">{\"@context\":\"https:\\\/\\\/schema.org\",\"@graph\":[{\"@type\":\"WebPage\",\"@id\":\"https:\\\/\\\/cbcuscatlan.edu.sv\\\/cbc\\\/blogs-de-clase\\\/9th-grade\\\/\",\"url\":\"https:\\\/\\\/cbcuscatlan.edu.sv\\\/cbc\\\/blogs-de-clase\\\/9th-grade\\\/\",\"name\":\"Blogs de clase - 9th Grade - Colegio Biling\u00fce Cuscatl\u00e1n\",\"isPartOf\":{\"@id\":\"http:\\\/\\\/cbcuscatlan.edu.sv\\\/cbc\\\/#website\"},\"datePublished\":\"2018-03-14T21:56:14+00:00\",\"dateModified\":\"2020-04-22T20:52:46+00:00\",\"breadcrumb\":{\"@id\":\"https:\\\/\\\/cbcuscatlan.edu.sv\\\/cbc\\\/blogs-de-clase\\\/9th-grade\\\/#breadcrumb\"},\"inLanguage\":\"en-US\",\"potentialAction\":[{\"@type\":\"ReadAction\",\"target\":[\"https:\\\/\\\/cbcuscatlan.edu.sv\\\/cbc\\\/blogs-de-clase\\\/9th-grade\\\/\"]}]},{\"@type\":\"BreadcrumbList\",\"@id\":\"https:\\\/\\\/cbcuscatlan.edu.sv\\\/cbc\\\/blogs-de-clase\\\/9th-grade\\\/#breadcrumb\",\"itemListElement\":[{\"@type\":\"ListItem\",\"position\":1,\"name\":\"Home\",\"item\":\"https:\\\/\\\/cbcuscatlan.edu.sv\\\/cbc\\\/\"},{\"@type\":\"ListItem\",\"position\":2,\"name\":\"Blogs de clase\",\"item\":\"https:\\\/\\\/cbcuscatlan.edu.sv\\\/cbc\\\/blogs-de-clase\\\/\"},{\"@type\":\"ListItem\",\"position\":3,\"name\":\"Blogs de clase &#8211; 9th Grade\"}]},{\"@type\":\"WebSite\",\"@id\":\"http:\\\/\\\/cbcuscatlan.edu.sv\\\/cbc\\\/#website\",\"url\":\"http:\\\/\\\/cbcuscatlan.edu.sv\\\/cbc\\\/\",\"name\":\"Colegio Biling\u00fce Cuscatl\u00e1n\",\"description\":\"Colegio Biling\u00fce Cuscatl\u00e1n\",\"publisher\":{\"@id\":\"http:\\\/\\\/cbcuscatlan.edu.sv\\\/cbc\\\/#organization\"},\"potentialAction\":[{\"@type\":\"SearchAction\",\"target\":{\"@type\":\"EntryPoint\",\"urlTemplate\":\"http:\\\/\\\/cbcuscatlan.edu.sv\\\/cbc\\\/?s={search_term_string}\"},\"query-input\":{\"@type\":\"PropertyValueSpecification\",\"valueRequired\":true,\"valueName\":\"search_term_string\"}}],\"inLanguage\":\"en-US\"},{\"@type\":\"Organization\",\"@id\":\"http:\\\/\\\/cbcuscatlan.edu.sv\\\/cbc\\\/#organization\",\"name\":\"Colegio Biling\u00fce Cuscatl\u00e1n\",\"url\":\"http:\\\/\\\/cbcuscatlan.edu.sv\\\/cbc\\\/\",\"logo\":{\"@type\":\"ImageObject\",\"inLanguage\":\"en-US\",\"@id\":\"http:\\\/\\\/cbcuscatlan.edu.sv\\\/cbc\\\/#\\\/schema\\\/logo\\\/image\\\/\",\"url\":\"http:\\\/\\\/cbcuscatlan.edu.sv\\\/cbc\\\/wp-content\\\/uploads\\\/2018\\\/01\\\/logo.png\",\"contentUrl\":\"http:\\\/\\\/cbcuscatlan.edu.sv\\\/cbc\\\/wp-content\\\/uploads\\\/2018\\\/01\\\/logo.png\",\"width\":175,\"height\":175,\"caption\":\"Colegio Biling\u00fce Cuscatl\u00e1n\"},\"image\":{\"@id\":\"http:\\\/\\\/cbcuscatlan.edu.sv\\\/cbc\\\/#\\\/schema\\\/logo\\\/image\\\/\"},\"sameAs\":[\"http:\\\/\\\/facebook.com\\\/colegiobilinguecuscatlan\",\"http:\\\/\\\/instagram.com\\\/colegio_cbc\"]}]}<\/script>\n<!-- \/ Yoast SEO plugin. -->","yoast_head_json":{"title":"Blogs de clase - 9th Grade - Colegio Biling\u00fce Cuscatl\u00e1n","robots":{"index":"index","follow":"follow","max-snippet":"max-snippet:-1","max-image-preview":"max-image-preview:large","max-video-preview":"max-video-preview:-1"},"canonical":"https:\/\/cbcuscatlan.edu.sv\/cbc\/blogs-de-clase\/9th-grade\/","og_locale":"en_US","og_type":"article","og_title":"Blogs de clase - 9th Grade - Colegio Biling\u00fce Cuscatl\u00e1n","og_description":"[vc_section full_width=&#8221;stretch_row&#8221; css=&#8221;.vc_custom_1518808590422{background-image: url(http:\/\/cbcuscatlan.edu.sv\/cbc\/wp-content\/uploads\/2018\/02\/blog-header.png?id=824) !important;background-position: center !important;background-repeat: no-repeat !important;background-size: cover !important;}&#8221;][vc_row equal_height=&#8221;yes&#8221;][vc_column][stm_spacing lg_spacing=&#8221;50px&#8221;][stm_title title_align=&#8221;center&#8221; title_color=&#8221;custom&#8221; title=&#8221;Blog de 9no Grado&#8221; title_color_custom=&#8221;#ffffff&#8221; title_font_size=&#8221;40pt&#8221;][\/stm_title][stm_spacing lg_spacing=&#8221;50px&#8221;][\/vc_column][\/vc_row][\/vc_section][vc_section full_width=&#8221;stretch_row&#8221; css=&#8221;.vc_custom_1518808686841{padding-top: 125px !important;padding-bottom: 50px !important;background-color: #ffffff !important;}&#8221;][vc_row][vc_column width=&#8221;2\/3&#8243; offset=&#8221;vc_hidden-xs&#8221;][\/vc_column][vc_column width=&#8221;1\/3&#8243;][vc_widget_sidebar sidebar_id=&#8221;sidebar-event&#8221;][\/vc_column][\/vc_row][vc_row][vc_column width=&#8221;2\/3&#8243; css=&#8221;.vc_custom_1518808892064{margin-top: -85px !important;}&#8221;][stm_posts view=&#8221;list&#8221; posts_category=&#8221;9th-grade&#8221; pagination_enable=&#8221;true&#8221; posts_count=&#8221;10&#8243;][\/vc_column][vc_column width=&#8221;1\/3&#8243; el_class=&#8221;menu-blogs&#8221; css=&#8221;.vc_custom_1518803567490{padding-right: -10px !important;padding-left: -10px !important;background-color: #00aaff !important;}&#8221; offset=&#8221;vc_hidden-xs&#8221;][vc_column_text] SECUNDARIA [\/vc_column_text][vc_column_text] 7\u00b0 [&hellip;]","og_url":"https:\/\/cbcuscatlan.edu.sv\/cbc\/blogs-de-clase\/9th-grade\/","og_site_name":"Colegio Biling\u00fce Cuscatl\u00e1n","article_publisher":"http:\/\/facebook.com\/colegiobilinguecuscatlan","article_modified_time":"2020-04-22T20:52:46+00:00","twitter_card":"summary_large_image","twitter_misc":{"Est. reading time":"3 minutes"},"schema":{"@context":"https:\/\/schema.org","@graph":[{"@type":"WebPage","@id":"https:\/\/cbcuscatlan.edu.sv\/cbc\/blogs-de-clase\/9th-grade\/","url":"https:\/\/cbcuscatlan.edu.sv\/cbc\/blogs-de-clase\/9th-grade\/","name":"Blogs de clase - 9th Grade - Colegio Biling\u00fce Cuscatl\u00e1n","isPartOf":{"@id":"http:\/\/cbcuscatlan.edu.sv\/cbc\/#website"},"datePublished":"2018-03-14T21:56:14+00:00","dateModified":"2020-04-22T20:52:46+00:00","breadcrumb":{"@id":"https:\/\/cbcuscatlan.edu.sv\/cbc\/blogs-de-clase\/9th-grade\/#breadcrumb"},"inLanguage":"en-US","potentialAction":[{"@type":"ReadAction","target":["https:\/\/cbcuscatlan.edu.sv\/cbc\/blogs-de-clase\/9th-grade\/"]}]},{"@type":"BreadcrumbList","@id":"https:\/\/cbcuscatlan.edu.sv\/cbc\/blogs-de-clase\/9th-grade\/#breadcrumb","itemListElement":[{"@type":"ListItem","position":1,"name":"Home","item":"https:\/\/cbcuscatlan.edu.sv\/cbc\/"},{"@type":"ListItem","position":2,"name":"Blogs de clase","item":"https:\/\/cbcuscatlan.edu.sv\/cbc\/blogs-de-clase\/"},{"@type":"ListItem","position":3,"name":"Blogs de clase &#8211; 9th Grade"}]},{"@type":"WebSite","@id":"http:\/\/cbcuscatlan.edu.sv\/cbc\/#website","url":"http:\/\/cbcuscatlan.edu.sv\/cbc\/","name":"Colegio Biling\u00fce Cuscatl\u00e1n","description":"Colegio Biling\u00fce Cuscatl\u00e1n","publisher":{"@id":"http:\/\/cbcuscatlan.edu.sv\/cbc\/#organization"},"potentialAction":[{"@type":"SearchAction","target":{"@type":"EntryPoint","urlTemplate":"http:\/\/cbcuscatlan.edu.sv\/cbc\/?s={search_term_string}"},"query-input":{"@type":"PropertyValueSpecification","valueRequired":true,"valueName":"search_term_string"}}],"inLanguage":"en-US"},{"@type":"Organization","@id":"http:\/\/cbcuscatlan.edu.sv\/cbc\/#organization","name":"Colegio Biling\u00fce Cuscatl\u00e1n","url":"http:\/\/cbcuscatlan.edu.sv\/cbc\/","logo":{"@type":"ImageObject","inLanguage":"en-US","@id":"http:\/\/cbcuscatlan.edu.sv\/cbc\/#\/schema\/logo\/image\/","url":"http:\/\/cbcuscatlan.edu.sv\/cbc\/wp-content\/uploads\/2018\/01\/logo.png","contentUrl":"http:\/\/cbcuscatlan.edu.sv\/cbc\/wp-content\/uploads\/2018\/01\/logo.png","width":175,"height":175,"caption":"Colegio Biling\u00fce Cuscatl\u00e1n"},"image":{"@id":"http:\/\/cbcuscatlan.edu.sv\/cbc\/#\/schema\/logo\/image\/"},"sameAs":["http:\/\/facebook.com\/colegiobilinguecuscatlan","http:\/\/instagram.com\/colegio_cbc"]}]}},"_links":{"self":[{"href":"https:\/\/cbcuscatlan.edu.sv\/cbc\/wp-json\/wp\/v2\/pages\/1568","targetHints":{"allow":["GET"]}}],"collection":[{"href":"https:\/\/cbcuscatlan.edu.sv\/cbc\/wp-json\/wp\/v2\/pages"}],"about":[{"href":"https:\/\/cbcuscatlan.edu.sv\/cbc\/wp-json\/wp\/v2\/types\/page"}],"author":[{"embeddable":true,"href":"https:\/\/cbcuscatlan.edu.sv\/cbc\/wp-json\/wp\/v2\/users\/1"}],"replies":[{"embeddable":true,"href":"https:\/\/cbcuscatlan.edu.sv\/cbc\/wp-json\/wp\/v2\/comments?post=1568"}],"version-history":[{"count":9,"href":"https:\/\/cbcuscatlan.edu.sv\/cbc\/wp-json\/wp\/v2\/pages\/1568\/revisions"}],"predecessor-version":[{"id":10473,"href":"https:\/\/cbcuscatlan.edu.sv\/cbc\/wp-json\/wp\/v2\/pages\/1568\/revisions\/10473"}],"up":[{"embeddable":true,"href":"https:\/\/cbcuscatlan.edu.sv\/cbc\/wp-json\/wp\/v2\/pages\/811"}],"wp:attachment":[{"href":"https:\/\/cbcuscatlan.edu.sv\/cbc\/wp-json\/wp\/v2\/media?parent=1568"}],"curies":[{"name":"wp","href":"https:\/\/api.w.org\/{rel}","templated":true}]}}